of (2 + k/(-4))*-2?
7
Suppose -125 = -6*p + p. What is the units digit of p?
5
Let b(d) = 23*d**3 + 4*d**2 - 5*d + 2. What is the hundreds digit of b(2)?
1
Suppose -4*c + 190 = c. Let q = c - 22. What is the tens digit of q?
1
Let i(z) = 11 - 3 - 2*z**2 + z**2. Let n be i(0). Suppose 3*t - n*t = -25. What is the units digit of t?
5
Suppose 0*g - 58 = -2*g. Let w = g - 17. What is the units digit of w?
2
Suppose -52 = -2*s - 2*s + 5*o, 0 = 5*s - 4*o - 56. What is the units digit of s?
8
Let y(w) = 2*w - 14. Let v be y(7). What is the units digit of (v + -6)*119/(-21)?
4
What is the tens digit of 51*(-1)/2*-2?
5
Let t = -78 + 195. What is the hundreds digit of t?
1
Let z(i) = i**2 - 2*i + 6. Let m(h) = h**2 - h + 7. Let y(o) = 4*m(o) - 5*z(o). What is the units digit of y(4)?
6
Suppose 3*s = -0*s. Suppose -3*v + 126 = -s*v. What is the units digit of v?
2
Let f(h) = -h**2 + 7*h - 1. Let x be f(6). Let w = x - -11. What is the tens digit of w?
1
Let x(w) = 33*w + 2. What is the units digit of x(1)?
5
Suppose -556 = -24*q + 20*q. What is the units digit of q?
9
Let f(b) = b - 1. Let j be f(-1). Let y(h) = -2*h**3 - 2*h**2 - 2*h - 2. What is the units digit of y(j)?
0
Let i(k) = k**3 + 4*k**2 - 7*k - 6. Let u be i(-5). Let j(z) = 4*z + 9. What is the tens digit of j(u)?
2
Let m = 14 - 6. Let z(r) = -r + 14. Let y be z(m). Let f = 4 + y. What is the tens digit of f?
1
Let i(j) = -7*j**3 + 2*j + 6. What is the units digit of i(-2)?
8
Let w be 0 - -2 - (1 + -1). What is the units digit of 76/16 + w/8?
5
Suppose -4 = -2*n - 20. Let q = 25 - 12. Let b = q + n. What is the units digit of b?
5
What is the tens digit of 348/(-18)*6/(-4)?
2
Let u = 35 - -4. What is the units digit of u?
9
Suppose 4*r + 62 = 5*r. What is the tens digit of r?
6
Suppose 2*x = -x + 2*k + 6, 0 = x - 3*k - 9. Suppose 2*p + x*u - 18 = 5*u, 0 = 3*u. Suppose p + 15 = 2*i. What is the units digit of i?
2
Let k be 4 + (8/(-2) - -2). What is the units digit of 6/1*1/k?
3
Let m be 2/3 + 20/6. Suppose -m*u - 8 = 0, k + 4*u + 3 = -0*k. What is the units digit of k?
5
Let h(w) = -w**2 + 8*w + 7. What is the units digit of h(8)?
7
Let y(t) = -t**2 + t + 18. Let h = -3 - -3. What is the units digit of y(h)?
8
Suppose 4*x - 52 = -2*s, -3*s + 144 = -4*x + 36. What is the units digit of s?
2
Let b be (-4)/(-6) + (-11)/3. Let h be ((1 - 1)/b)/(-1). Suppose -4*g + 36 = 2*u, -4*u + 8 = -h*u. What is the units digit of g?
8
Let t(u) = -u + 15. Suppose 0*k = -3*k. What is the units digit of t(k)?
5
Let s(g) = g**2 - 2*g. Let j be s(2). Suppose j = 5*v - 5*z + 15, 0*z - 23 = v + 4*z. Let d = v - -14. What is the units digit of d?
7
Suppose -152 = p - 5*p. What is the tens digit of p?
3
Let h(x) = -3*x**2 - 4*x - 1. Let k be h(-5). What is the tens digit of (k/(-6))/((-13)/(-39))?
2
Let g be (8/(-5))/(2/(-25)). Let d = g + -3. What is the tens digit of d?
1
Let a(u) = -83*u - 60. What is the tens digit of a(-6)?
3
What is the tens digit of (-1)/3 - (-5193)/27?
9
Suppose 3*w = -4*g + 44, 3*g - 42 = -w - 2*w. What is the tens digit of w?
1
What is the units digit of 18/30 - 472/(-5)?
5
Let j = 36 - 53. Let o = -5 - j. What is the tens digit of o?
1
Let m = -19 - -46. What is the units digit of m?
7
Let o be -2*(-3)/(-6)*-15. Suppose -n = 2*m - 6, 4*m - 3*n = -m + o. Suppose 0*g - g + m = 0. What is the units digit of g?
3
What is the tens digit of 3/((-30)/4) + (-342)/(-5)?
6
Let s = 89 - 19. What is the units digit of s?
0
Suppose 3*f + 3*v = 0, -4*f + 14 = -3*v - 0. Suppose -10 = -f*t - 0. Suppose 0 = t*q - 2*h + 4 - 73, 33 = 3*q - 4*h. What is the units digit of q?
5
Let k(u) = -u**2 + 5*u - 3. Let l = 4 - 1. Let b be k(l). Suppose 0 = 2*o - 5*o + b. What is the units digit of o?
1
Let z(u) = u**2 - 4. Let b be z(3). Suppose -8*m + 3*m + 36 = -f, -b*m + 24 = -4*f. What is the units digit of m?
8
Let b be 2 + 32 + 1 + -3. Let q = b + -18. What is the tens digit of q?
1
Let m = 85 - 59. What is the tens digit of m?
2
Let g = -333 - -665. What is the units digit of g?
2
Suppose 3*c - 4*c + 27 = -5*q, -4*q - 2 = 2*c. What is the units digit of c?
7
Let x(n) = 2*n + 3. Let j be x(3). Suppose 3*c = 3*u + j, -3*u + 23 = u + 3*c. Suppose 0*f - u*f + 20 = 0. What is the units digit of f?
0
Let u be (-2)/(-2)*(-7 + 5). Suppose 4*x + 12 = 48. Let q = u + x. What is the units digit of q?
7
Let q(d) = -3*d**2 + 0*d**3 + 7*d - 6*d**2 + 4*d**3. Let y(p) = 3*p**3 - 8*p**2 + 7*p + 1. Let f(s) = 4*q(s) - 5*y(s). What is the units digit of f(-5)?
5
Let y(t) = t**3 + 5*t**2 - 2*t - 6. Let l be y(-5). Suppose l*h - 8 = 2*h. Suppose -3*f - 1 = -h*f. What is the units digit of f?
1
Suppose 78 = -0*r + 2*r. What is the tens digit of r?
3
Let r = 62 + -31. Suppose -5 = j - r. What is the units digit of j?
6
What is the tens digit of ((-186)/9)/((-4)/12)?
6
Suppose 4*u = 5*l - 30, -4*l + l - 5*u = 19. Let y = 6 + -3. Let t = y - l. What is the units digit of t?
1
Let k(x) = -3*x - 1 + 5*x + x**2 - 10*x**3 + x + 11*x**3. What is the units digit of k(2)?
7
Suppose 0*j = -4*j. Suppose j = 4*z + 2*x - 114, 5*z = 5*x + 36 + 99. Suppose -2*d + z = 4. What is the units digit of d?
2
Let x(i) = -i**3 - i**2 - 1. Suppose 2*l = -l. Suppose -2*j + 22 = -4*q, 14 = -l*q - 3*q + j. What is the tens digit of x(q)?
1
Suppose w - 4*w + 6 = 0. Suppose -w*g + 10 = -14. What is the tens digit of g?
1
Let a(i) = -i + 13. Let d be a(7). What is the tens digit of ((-140)/15)/((-4)/d)?
1
Suppose -4*s + 4 = 4*q - 0*q, -3*s + 3*q = 15. What is the units digit of (5/s)/(-5)*6?
3
Let k(h) be the first derivative of h**3/3 + 4*h**2 + 9*h + 1. Let l be k(-7). Suppose n + l*n - 27 = 0. What is the units digit of n?
9
Suppose 8*r - 3*r = -3*m - 15, -m + 3 = -r. Suppose -3*x = 2*c - 7, 5*c - 4*x - x - 5 = 0. Suppose -c*n - 2*n + 32 = m. What is the units digit of n?
8
Let l(o) = o**3 - 3*o**2 - 5*o + 7. Let x be l(4). Suppose 2*f + x*i - 141 = -f, 2*f - 4*i - 100 = 0. What is the tens digit of f?
4
Let h = -19 + 29. What is the units digit of h?
0
Let y = -5 + 10. Suppose -4*a + 19 = y*j, -2*j - 2*a + 18 = -3*a. What is the units digit of j?
7
Suppose 3*y + y = 160. What is the units digit of y?
0
Suppose 5*k - 122 - 53 = 0. What is the tens digit of k?
3
Let i(w) = -w - 3*w + 2*w - 1 + 4*w. What is the units digit of i(2)?
3
Let m(f) be the third derivative of 0 - 1/3*f**3 - 1/8*f**4 + f**2 + 0*f. What is the units digit of m(-2)?
4
Suppose 4*m + 8 = 2*z, 2*z - 2 = -0*m + m. Suppose -t + 14 = h, 2*t = -z*t + 2*h + 24. What is the units digit of t?
3
What is the tens digit of ((-4)/6)/(3/(-279))?
6
Let s(a) = -a**3 + 10*a**2 + 16*a - 15. Let l(t) = t**3 - t**2 - 2*t - 1. Let p be l(3). What is the units digit of s(p)?
0
Let t(w) be the first derivative of -7*w**2/2 - 9*w + 3. What is the tens digit of t(-8)?
4
Suppose 1 = 2*u + 3. Let l be 80/(-15) + u/(-3). Let q = l + 8. What is the units digit of q?
3
Suppose 3*q + 2*m - 9 = 0, 12 = q - 3*m - 2. Let f = q - -7. What is the tens digit of f?
1
Let y = -8 - -13. Let g(b) = -b**2 + 5*b + 2. What is the units digit of g(y)?
2
Let d(g) = 35*g - 14. What is the units digit of d(6)?
6
What is the units digit of (-20)/8*(-60)/25?
6
Suppose -x - r - 1 = -0*r, 5 = r. Let f(i) = i**2 + 5*i - 2. Let l be f(x). Suppose -l*a + 63 = -17. What is the units digit of a?
0
Suppose 16 = 4*x, 3*n - 2*x + 7 = 4*n. What is the units digit of 0*n/3 - -6?
6
Suppose 2*p = -3*q + q + 268, 4*q - 5*p = 518. What is the hundreds digit of q?
1
Suppose -5*t - h + 0*h + 10 = 0, 4*t + 2*h - 14 = 0. What is the tens digit of t/(-3)*-3 - -15?
1
Let m be (4/(-5))/((-2)/10). Let v(x) = -x**2 + 3*x + 5. Let p(r) = 2*r**2 - 6*r - 10. Let u(c) = 3*p(c) + 7*v(c). What is the units digit of u(m)?
1
Let l(o) = -1. Let a(d) = 3*d - 1. Let f(w) = -a(w) + 6*l(w). What is the tens digit of f(-5)?
1
Suppose 0 = 2*b - 0 - 4. Suppose 30 = 4*r + b*m, -4*m = 4*r - 15 - 17. Suppose 4*q = -5*a + 33, q + r = 4*a - 11. What is the units digit of q?
2
Let b(a) = a**2 - a - 1. Let o(p) = p**3 - 5*p**2 + 7*p + 14. Let q(m) = 6*b(m) + o(m). What is the units digit of q(0)?
8
Suppose 3*m + 7 = -5*a, 2*a - 11 - 11 = 5*m. Let c = 6 + m. Suppose 4 = c*f, -4*l + 5*f + 32 = 3*f. What is the units digit of l?
9
Suppose 3*m - 577 = a, -4*m - 3*a + 163 + 589 = 0. What i